 + 6. Let j be v(-8). Let s be 474/54 + (-4)/j. What is the highest common divisor of s and a?
9
Let u(f) = -8*f**3 - 3*f**2 - 4*f - 6. Let v be u(-2). What is the greatest common divisor of v and 6?
6
Suppose -79*h = -80*h + 6. Calculate the greatest common factor of h and 54.
6
Let p be (-5)/(-2) - 3/42*7. Let l be 3/1 + 25/5. What is the highest common factor of l and p?
2
Suppose -5*k - 5*v = -4 - 6, 0 = 4*k - 3*v - 22. Suppose 3*q = -4*l + 136, -q + l = -0*q - 43. Calculate the highest common factor of q and k.
4
Let i be (-16)/12*3*2. Let y = -140 + i. Let l = -84 - y. Calculate the highest common divisor of l and 16.
16
Let p be 72/7 - (-2)/(-7). Let y be ((-48)/40)/((-2)/p). What is the greatest common divisor of y and 2?
2
Suppose 0 = -r - r + 286. Let h be -3 + 0 + 28 - -2. Suppose 2*z - l = h, 5*z - 3*l - 68 = -0*z. Calculate the highest common divisor of z and r.
13
Let y be 264/42 + (-2)/7. Let s be y/(-9) - 1/3. Let c(r) = -84*r + 1. Let i be c(s). Calculate the greatest common divisor of 17 and i.
17
Let q(v) = -v**2 - v + 11. Suppose 3*w - 5*l = 25, -25 = 3*w + 2*w + 5*l. Let a be q(w). Let f = -7 + a. Calculate the highest common factor of f and 1.
1
Suppose 0 = -4*l - 5*a + 159, 3*a + 1 = -2*l + 80. What is the highest common factor of l and 41?
41
Suppose 0 = -w + 3 - 0. Suppose w*y = -y. Suppose y = v - 2*v + 84. Calculate the greatest common divisor of v and 12.
12
Let j be 0 + 14 + (3 - 2). What is the highest common factor of j and 10?
5
Suppose 0 = -4*u + 5*p + 19, 2*p + 9 = -p. Let k = 7 + u. Suppose -68 = -3*c - 4*r, -c - 6*r + r + 41 = 0. What is the greatest common factor of k and c?
8
Let x(k) = -k + 1. Let o be x(-3). Suppose g + o*g = 0, 0 = 3*v - 2*g. Suppose v = -a + 120 - 39. What is the greatest common divisor of a and 9?
9
Let l(o) = o**3 + o**2 - o - 8. Let p be l(0). Let m = 25 + p. Calculate the highest common divisor of m and 17.
17
Let i(m) = 27*m + 42. Let p be i(5). What is the greatest common factor of p and 118?
59
Let c(i) = 6*i - 12 - i**3 + 0*i - 2 - 13*i**2 + 5*i. Let k be c(-14). What is the greatest common factor of k and 70?
14
Suppose 3*a = 3*n - 3 - 0, 3*a + 8 = 4*n. Let d = 84 + a. Calculate the greatest common divisor of 11 and d.
11
Let z(u) = -16*u + 11. Let p be z(-1). Calculate the greatest common divisor of p and 27.
27
Let p(f) = -2*f - 10. Let n be p(-20). What is the highest common factor of 15 and n?
15
Let w be (36/16 - 3)/((-3)/216). Calculate the greatest common divisor of w and 27.
27
Let j = 20 - 17. What is the greatest common factor of 9 and j?
3
Let i = -18 - -26. Suppose -p = -3*x, -4*p + 56 = x + x. Suppose 6*c = 3*c + p. What is the highest common divisor of c and i?
4
Suppose -20*m + 23*m = 405. What is the greatest common factor of m and 5?
5
Let l(p) = -p**3 - 10*p**2 - 4*p + 5. Let b be l(-10). Calculate the greatest common divisor of b and 5.
5
Let h = 148 + -85. Calculate the greatest common divisor of 7 and h.
7
Suppose 4*r + z = 8 + 8, 1 = -r + z. Suppose -r*k = k - 192. Suppose o = -4*s + k, -2*o + 0*o + 46 = -2*s. What is the greatest common factor of 14 and o?
14
Let j(c) = c**2 - 5*c**3 - c - 4*c**2 + 0*c. Let s be j(-2). Suppose -4*a + 103 - 23 = 0. Calculate the greatest common divisor of a and s.
10
Suppose 8*w + 192 = 11*w. Suppose 3*r - 7 = 17. What is the greatest common factor of r and w?
8
Let a(y) = 6*y - 41. Let q be a(12). Let u be 93/(-2)*(-32)/12. Calculate the highest common divisor of u and q.
31
Let o(p) = 3*p**3 - 2*p**2 - 5*p + 2. Let q be o(3). What is the greatest common divisor of q and 20?
10
Let d(z) = -z + 13. Let h be d(9). Suppose 2*u + h = 4*l, -3*l = -8*l + 3*u + 3. Suppose 2*n - n = 12. Calculate the greatest common factor of n and l.
3
Suppose -3*m + 2*m + 17 = 3*f, 45 = 5*f + 5*m. Let u be (0/(-2) + f)*1. What is the highest common divisor of 6 and u?
2
Let o(k) = -k**3 - 2*k**2 + 3*k + 2. Let s = -10 - -6. Let j be o(s). What is the highest common divisor of j and 55?
11
Let y = -58 - -37. Let x = y + 34. Suppose 6*b - 101 = 3*b + 4*s, 2*b - 3*s = 66. Calculate the greatest common factor of x and b.
13
Let y(b) = -15*b. Let t(d) = -d + 1. Let u be t(-6). Suppose -4*h - 5 - u = 0. Let q be y(h). What is the highest common divisor of q and 9?
9
Suppose -l - 5*a = -10, 0*l + 90 = 2*l - 4*a. What is the greatest common divisor of l and 5?
5
Let q be (-8)/(-36) - 214/(-9). Suppose w + 3*p = 4*p, -4*w - 10 = p. Let x be 2/w + (-3 - -10). Calculate the highest common divisor of q and x.
6
Let s(o) = o**2 - 19*o - 52. Let d be s(26). Let j be 1 + 23 + (-6)/(-3). Calculate the greatest common divisor of j and d.
26
Let z = 15 - 11. Let s be (1 - 2) + 104/z. What is the highest common divisor of s and 275?
25
Suppose 0 = -4*y - 6 + 2, 0 = p - 4*y - 46. Calculate the greatest common divisor of 42 and p.
42
Let w(k) = -26*k - 1. Let u be w(-1). Let f = 16 - -1. Suppose -5*p = -t + 20, 4*p + f = -0*t + t. Calculate the greatest common factor of t and u.
5
Suppose 4*k + 6 = 26, -2*h = -3*k - 61. Suppose -2*j = -143 + 27. Let b = j - h. Calculate the highest common factor of b and 10.
10
Suppose 0 = -3*m + 3*p + 108, -3*m - 3*p + 88 + 2 = 0. Calculate the highest common factor of m and 165.
33
Let y = -56 - -151. Calculate the greatest common factor of y and 19.
19
Let o be (1 - 2)*2 - -74. Let d(w) be the third derivative of w**5/30 + w**4/3 - w**3 - 3*w**2. Let f be d(-6). What is the highest common divisor of o and f?
18
Let s(i) be the second derivative of i + 1/6*i**3 + 0 - 1/20*i**5 + 5/12*i**4 + 2*i**2. Let b be s(5). What is the greatest common divisor of 6 and b?
3
Let m = 21 + 107. Let g = 5 - -11. Calculate the highest common divisor of m and g.
16
Suppose 45 = 4*r - 23. Calculate the highest common divisor of 85 and r.
17
Let k be (-2)/15 - 364/(-30). Calculate the highest common factor of k and 72.
12
Let k(u) = 7*u + 1. Let c be k(4). Calculate the greatest common divisor of 261 and c.
29
Let o be 220/10*66/4. What is the greatest common factor of 33 and o?
33
Let g = 68 + -19. Suppose -5*a = 5*f + 30, 0*f = -5*a + 2*f - 65. Let c = a + 18. Calculate the highest common divisor of g and c.
7
Let c(k) = 3*k**3 + k**2 - 2*k + 2. Let j be c(3). Let v = -32 + j. What is the highest common factor of v and 6?
6
Let d = 75 + -68. Let o(f) = 2*f**2 + 2*f - 3. Let p be o(-4). What is the greatest common divisor of d and p?
7
Let i be (-12)/10*20/(-6). Suppose 28 = 2*j + 4*w, 0*w - i = w. Let t = -342 - -518. What is the highest common factor of t and j?
22
Let g(b) = -3*b + 23. Let q be g(6). Let h(w) = -22*w + 1. Let d be h(-2). Calculate the highest common factor of q and d.
5
Let a(h) = -7*h + 9. Let l be a(-7). Let q = l - 16. Calculate the highest common factor of 6 and q.
6
Let t = 28 + 8. Let m = -8 + t. Calculate the highest common divisor of m and 14.
14
Let m = 3 - -1. Let l be (-6)/(0 - 6/m). Suppose -l*r = -r - 204. What is the highest common factor of 17 and r?
17
Let d = 3 - -2. Suppose 2*w - 3*n = 85, 137 = 3*w - 0*n + d*n. Suppose 4*h + 17 = g - 0*h, 5*h = 3*g - w. What is the highest common divisor of g and 13?
13
Suppose 0 = 2*y - 3*w + 6, 3*w - 22 = -3*y - 1. Calculate the highest common divisor of y and 15.
3
Let v be -6 - (3 + (-6)/1). Let s = 9 + v. Let u be (s/9)/((-1)/(-36)). What is the highest common divisor of 264 and u?
24
Let v be -6*(7/(-2) - 0). Let x be (-1)/2*(-6 + -2). Let q be x + (7 + -3 - -55). Calculate the highest common divisor of v and q.
21
Let q(n) = 143*n - 8. Let p be q(1). What is the greatest common divisor of 15 and p?
15
Let i = -7 - -10. Suppose p = -i*p + 48. What is the highest common factor of p and 3?
3
Let k be (-284)/(-14) + 6/(-21). Calculate the highest common factor of k and 40.
20
Let f be 1*(1 + (3 - -1)). Calculate the highest common divisor of 55 and f.
5
Let y = -8 - -10. Suppose -3*h = 4*t - 9*t - 49, -20 = -y*h - 3*t. What is the highest common factor of 143 and h?
13
Let w(k) = -2*k**2 + 27*k - 11. Let j be w(11). Calculate the highest common divisor of 8 and j.
4
Let y = 11 - 3. Suppose 0*n - y = -2*n. What is the highest common factor of n and 28?
4
Let h(i) be the first derivative of i**3/3 - 4*i**2 - 8*i - 3. Let s be h(9). Let g be 45/(-3)*-1 + s. What is the g